111110001 (base 2) in base 10?
863217
What is -7506094 (base 10) in base 16?
-7288ae
What is -1f0ab3 (base 16) in base 7?
-23202031
What is -3885037 (base 9) in base 4?
-20012102002
Convert ca5f (base 16) to base 12.
25b93
Convert -9415a (base 11) to base 13.
-4a63c
What is -7511 (base 10) in base 15?
-235b
414378 (base 9) to base 15
4cd42
What is -5bef4f (base 16) in base 15?
-7e02e4
What is -265525125 (base 7) in base 9?
-35238000
What is 266313606 (base 7) in base 3?
1012102102100200
What is -47286 (base 11) in base 16?
-10a79
201211022222021 (base 3) to base 12
364192a
What is 270060 (base 8) in base 14?
264c8
Convert 82bbaa (base 16) to base 10.
8567722
Convert -5382771 (base 9) to base 16.
-2c14e1
Convert -4146704 (base 8) to base 16.
-10cdc4
21bb1 (base 16) to base 13
4ab6a
Convert -11001110110000100 (base 2) to base 13.
-39251
Convert -103a1 (base 16) to base 8.
-201641
What is 14704881 (base 10) in base 13?
307b219
-232357 (base 12) to base 3
-1001122102111
10211204130 (base 5) to base 11
6012619
What is -2031211130 (base 4) in base 16?
-8d95c
Convert -2202132223 (base 4) to base 5.
-132244030
-548787 (base 10) to base 7
-4443651
What is 21a21 (base 14) in base 11?
56310
What is -404551 (base 13) in base 2?
-101101100111101010111
-1384634 (base 9) to base 2
-10111010101001011101
Convert -108b956 (base 12) to base 6.
-151554150
2681 (base 16) to base 10
9857
Convert -303132333 (base 5) to base 11.
-766752
What is 1550447 (base 9) in base 8?
3217322
-6140622 (base 7) to base 13
-1c8600
What is -1411113 (base 6) in base 4?
-103113111
2502312 (base 6) to base 14
36536
Convert -2102102122012 (base 3) to base 6.
-43334222
Convert 11284c3 (base 13) to base 15.
6e285a
Convert -45151 (base 13) to base 11.
-86299
915545 (base 12) to base 11
1310237
-2e6d1 (base 15) to base 13
-533b0
Convert -1261450 (base 11) to base 14.
-40b999
Convert -1100200012110 (base 3) to base 11.
-453384
2123120330 (base 4) to base 12
2683b8
What is 27889 (base 14) in base 3?
11222001121
220212111 (base 3) to base 8
43322
Convert 10022211012002 (base 3) to base 7.
21012260
51120251 (base 6) to base 4
11203222213
Convert 30112313210 (base 4) to base 16.
316de4
100222021201221 (base 3) to base 15
6ea72d
Convert -11375313 (base 10) to base 7.
-165455115
Convert 1232101311 (base 5) to base 16.
2dd3c3
What is -1423a31 (base 12) in base 15?
-548d9a
Convert 12023321023 (base 4) to base 6.
54431151
What is 1faa4 (base 16) in base 12?
63084
What is 1a10 (base 12) in base 6?
22420
-a8000 (base 14) to base 4
-1203021200
What is -10223001133 (base 4) in base 6?
-42130211
What is -4002745 (base 8) in base 16?
-1005e5
What is -4a969 (base 11) in base 5?
-4314123
120200212201200 (base 3) to base 12
29642b3
16de39 (base 15) to base 10
1110204
What is -18b472 (base 15) in base 13?
-331457
Convert -4c0b4c (base 13) to base 6.
-103115231
Convert 5d186 (base 15) to base 2.
1001000100110000111
-12530216 (base 7) to base 15
-17abe5
What is -12022100010 (base 3) in base 13?
-3873c
What is 15031462 (base 8) in base 13?
92a162
Convert -473404 (base 8) to base 13.
-586b2
Convert -1566420 (base 7) to base 3.
-102002112100
What is -202211 (base 8) in base 13?
-24487
-21121221010 (base 3) to base 7
-1163451
35c47 (base 13) to base 16
181c3
1203130123 (base 5) to base 9
5216055
Convert 103200303 (base 4) to base 12.
3a303
-788cb1 (base 14) to base 3
-21201010102021
-213135 (base 10) to base 8
-640217
Convert -44450526 (base 7) to base 9.
-7208306
Convert a2a (base 13) to base 10.
1726
Convert -3115453 (base 6) to base 2.
-100100101100011001
What is c045 (base 15) in base 7?
226160
7623a (base 12) to base 4
212003032
100303102231 (base 4) to base 13
bb296a
-1223121352 (base 6) to base 8
-65757644
-764b6 (base 13) to base 9
-355414
Convert 154054 (base 11) to base 4.
322200113
1002300022010 (base 4) to base 12
5a3a718
Convert 1120100210122 (base 3) to base 2.
11001011100100100111
Convert 100011110101001100 (base 2) to base 6.
3051244
What is -a70b3 (base 13) in base 11?
-19627a
Convert -101212011022 (base 3) to base 11.
-136625
Convert -11110110110000000110110 (base 2) to base 4.
-132312000312
What is 132000200000 (base 4) in base 13?
1825673
1a97b8 (base 12) to base 7
4006460
What is 32a979 (base 12) in base 9?
1458443
What is -11325155 (base 7) in base 3?
-1212201022002
Convert 346b54 (base 12) to base 14.
17c920
Convert 863573 (base 9) to base 16.
7d970
Convert -61d79 (base 14) to base 8.
-714567
What is bb7880 (base 12) in base 10?
2978592
Convert -21276833 (base 9) to base 8.
-47123530
11836222 (base 9) to base 14
ab3a25
21031323132 (base 4) to base 12
986426
Convert 114029 (base 12) to base 9.
461266
Convert -3444552 (base 7) to base 2.
-1101001010101001001
-2d03fa (base 16) to base 12
-ba330a
-22253 (base 15) to base 5
-11433103
What is 10244342 (base 5) in base 13?
30a78
-1202211120 (base 3) to base 6
-425240
2031043 (base 7) to base 4
323102323
Convert b505c (base 13) to base 10.
325233
-12586436 (base 9) to base 16
-5e942b
Convert -516210 (base 8) to base 7.
-1311651
2621620 (base 9) to base 13
3b177a
Convert -530311 (base 8) to base 6.
-3440201
11101110010111110 (base 2) to base 9
205366
-5b7769 (base 12) to base 14
-2a94ad
Convert 1220200433 (base 5) to base 9.
5404831
Convert 3034333 (base 5) to base 7.
263600
What is 30000310 (base 4) in base 6?
1015444
What is -327633 (base 8) in base 5?
-12013431
Convert 2494475 (base 11) to base 10.
4324985
-11111010111010111 (base 2) to base 10
-128471
112310000010 (base 4) to base 16
5b4004
-58666 (base 15) to base 3
-112022020120
What is 1634051 (base 7) in base 10?
227102
What is -10011001100101101011110 (base 2) in base 15?
-6962ed
220210112122 (base 3) to base 10
488096
What is a24184 (base 11) in base 9?
3076863
Convert 663354 (base 8) to base 10.
222956
Convert 136918 (base 10) to base 16.
216d6
136341 (base 12) to base 9
540484
What is 17325544 (base 8) in base 3?
21121022222212
15526046 (base 7) to base 9
2740305
7173212 (base 8) to base 4
13033122022
85301 (base 10) to base 15
1a41b
Convert d61836 (base 15) to base 5.
10101241401
Convert 504a0c (base 16) to base 8.
24045014
-d538 (base 14) to base 13
-13923
24262345 (base 7) to base 4
20100330220
What is -323144102 (base 5) in base 3?
-2121011120210
Convert -6013573 (base 10) to base 16.
-5bc285
What is 2803665 (base 9) in base 6?
52544222
What is 110000000100101011100 (base 2) in base 7?
16250411
What is 148a264 (base 11) in base 4?
21231231103
-200623 (base 9) to base 3
-20000200210
-2957 (base 13) to base 8
-13543
What is -5421535 (base 6) in base 9?
-446715
What is 322131012 (base 4) in base 12?
b6686
Convert -305219 (base 11) to base 5.
-111140240
What is aac14 (base 14) in base 2?
1100101000100010010
1121343443 (base 5) to base 11
1477360
-bd5a2 (base 14) to base 13
-131122
Convert 23030201231 (base 4) to base 5.
1222404033
Convert 1022323311 (base 4) to base 3.
120121000220
Convert b987c (base 16) to base 4.
2321201330
What is -338367 (base 9) in base 14?
-53d78
Convert -20b875 (base 13) to base 5.
-144040301
What is -22233331 (base 4) in base 3?
-2020101201
-260414 (base 11) to base 6
-12444115
33a4ba1 (base 12) to base 6
552343521
2120403132 (base 5) to base 15
5d3412
Convert 1011110111111010 (base 2) to base 5.
3024014
Convert 70563 (base 13) to base 9.
335460
Convert 45c28 (base 15) to base 10.
222113
Convert 20351304 (base 7) to base 11.
a68831
Convert -14233 (base 9) to base 15.
-2ce9
244101401 (base 5) to base 4
10123012301
-2a5b8 (base 14) to base 9
-170536
Convert 25031411 (base 6) to base 3.
1111111211121
-107173 (base 9) to base 11
-44344
What is -1417a3 (base 11) in base 16?
-362d2
Convert -4403120 (base 5) to base 13.
-2842a
Convert 437578 (base 12) to base 4.
10011111230
-111101110210012 (base 3) to base 14
-d32c5d
Convert -1186109 (base 11) to base 3.
-10212112211220
What is 5b0421 (base 14) in base 13?
84c92a
Convert 3450323 (base 7) to base 4.
1221203120
What is -95ef11 (base 16) in base 4?
-211132330101
What is 35267 (base 14) in base 8?
374653
What is -6d9b35 (base 14) in base 11?
-2133967
What is 6635721 (base 8) in base 5?
424103120
Convert -5325313 (base 6) to base 11.
-168705
What is -6b2960 (base 14) in base 12?
-12842a0
1561842 (base 10) to base 3
22211